 r(s) = 45*s**2 - 3*s + 2. Suppose 8 = -4*d, 0*d + 4 = 3*j + d. Let a be r(j). What is the greatest common divisor of a and x?
16
Let f(j) = -j - 1. Let i be 1*(-5 + 0) + 2. Let m be f(i). What is the greatest common divisor of m and 8?
2
Let d be (0 + 0 - -41)*-3. Let c = d - -174. Calculate the greatest common factor of c and 34.
17
Suppose -4*y - 140 = -4*h, 5*y = h - 49 + 6. What is the greatest common factor of h and 77?
11
Let j be (-3)/((-3)/9*3). What is the highest common divisor of j and 1?
1
Let u be (-3 + 2)*(-7 + 8). Let w = 9 + u. Calculate the greatest common divisor of w and 88.
8
Let o(a) = -a**3 - 12*a**2 - 4*a - 20. Let v be o(-12). Calculate the greatest common factor of 224 and v.
28
Suppose 0*x - 40 = -u - x, 10 = -5*x. Let r = -151 + 79. Let g = -44 - r. Calculate the greatest common divisor of g and u.
14
Let l be 10*(-2 + 9 + 3). What is the highest common factor of 75 and l?
25
Suppose c + 2*c - 120 = 0. Suppose -4*n + 2*i + c = 3*i, -16 = 4*i. Calculate the greatest common factor of n and 55.
11
Let k(u) = -2*u - 7. Let s be k(-5). Suppose 3*p = 0, r - s*r + 4*p + 110 = 0. Let y = r - 3. What is the highest common factor of y and 13?
13
Suppose -t + 5 = 0, -4*c + c + 3*t = -126. Let r = c - 25. Suppose -5*n - 2*o + 269 = 0, -2*n - 5*o + 134 = 39. Calculate the greatest common factor of r and n.
11
Let b(w) = w**2 - 7*w - 1. Let j be b(6). Let z = j - -24. What is the highest common factor of 136 and z?
17
Let y be (9/((-270)/(-96)))/((-2)/(-25)). What is the highest common factor of y and 8?
8
Let a = 53 - 17. Let l(g) = -g. Let j(u) = u**3 + 6*u**2 - 4*u. Let z(w) = -j(w) + 6*l(w). Let m be z(-6). Calculate the highest common divisor of m and a.
12
Suppose 5 = o - 15. Let w = 60 + -20. Calculate the greatest common divisor of w and o.
20
Suppose 3*c - 4*w = 2*c + 131, 5*c + 4*w = 679. What is the greatest common factor of 54 and c?
27
Suppose -44 = i - 3*i. Calculate the highest common factor of i and 154.
22
Suppose -7*y = -11*y + 56. What is the greatest common divisor of y and 182?
14
Suppose 17 = 2*p + 1. Calculate the highest common divisor of 40 and p.
8
Suppose 7*r - 9*r = -12. Let k be ((-24)/5)/(2/(-15)). What is the greatest common factor of r and k?
6
Let t be 16/28 - (-1552)/28. Let j = 4 - 2. Suppose -4*q + 26 = -j. Calculate the highest common divisor of q and t.
7
Let u = -29 + 31. What is the highest common divisor of u and 18?
2
Suppose 4*r + 2*n = 2*r + 34, -r = 5*n - 17. What is the highest common factor of r and 34?
17
Let c(z) = z + 3. Let o be c(-2). Suppose 0 = -7*g + 4*g. Let h be (6 + -2)*o + g. What is the highest common factor of h and 20?
4
Let p be ((-1)/(-1))/(-1) + 37. Let t(d) = -9*d. Suppose -6*j + 3*j = 3. Let s be t(j). What is the highest common divisor of s and p?
9
Suppose -5*d + 4*b = -89 + 29, -d - 3*b = -31. Suppose 5*p - d = -i, -5*p + 2 = -4*p. What is the highest common factor of i and 30?
6
Let x(n) = n**2 - 20*n - 41. Let t be x(22). What is the greatest common factor of 1 and t?
1
Let w be (3/(-4))/(10/(-240)). Let s(v) = 13*v**2 + 4*v + 6. Let m be s(-4). What is the highest common factor of m and w?
18
Let d(b) = b - 1. Let w = 3 - -2. Let n be d(w). Calculate the highest common divisor of 32 and n.
4
Let p(m) = -21*m - 9. Let r be p(-6). Let x be (76/12 + -2)*3. Calculate the greatest common divisor of r and x.
13
Let k(b) = b**3 + 19*b**2 - b + 14. Let v be k(-19). Calculate the highest common divisor of v and 363.
33
Suppose -3*z + 2*x + 377 = 2*z, 0 = -5*z - 2*x + 393. Suppose 5*h - 7 = -b + 4, 3*h = -5*b + z. Calculate the greatest common divisor of b and 128.
16
Let u = 7 + 9. What is the greatest common factor of 80 and u?
16
Suppose -20 - 35 = -5*i. Calculate the greatest common divisor of i and 99.
11
Let r(b) = b**3 + 7*b**2 + 3*b - 8. Let v be r(-5). Let h be (-1 + 3)*(-66)/4. Let x = 102 - h. What is the highest common divisor of v and x?
27
Let d be 0 - 0/(-2) - 16. Let o = d + 23. Let s = 1 + 0. Calculate the greatest common factor of s and o.
1
Let d be (1/(-5))/((-76)/(-20) + -4). Calculate the greatest common divisor of d and 7.
1
Let n be (2 + (-21)/9)/(5/(-390)). What is the greatest common factor of 26 and n?
26
Suppose 0 = m + 5, -5*b + 5*m = -0*b - 70. Let t = 6 - b. Let c = t - -21. Calculate the greatest common divisor of 27 and c.
9
Suppose 0 = -2*v - 3*v + 80. Let k = v - 12. Calculate the highest common divisor of 32 and k.
4
Let x be 5/5*(1 - -1). Let t(r) = 1 - 4 - 73*r + x. Let f be t(-1). What is the greatest common divisor of 9 and f?
9
Let y be (20/(-2))/((-14)/(-8) + -2). Calculate the greatest common divisor of 5 and y.
5
Let k = 65 - 61. Let o(g) = -g**2 + 11*g + 10. Let r be o(11). What is the highest common divisor of r and k?
2
Let v(f) = -2*f + 17. Let n(c) = c**2 - 4*c + 3. Let r be n(5). Let s be v(r). Calculate the greatest common divisor of s and 7.
1
Suppose 28 + 16 = 4*f. Let n = f + -1. Let y be ((-8)/n)/(-2)*15. Calculate the highest common factor of y and 12.
6
Let r = -17 + 33. Suppose -4*h + 12 = -52. Calculate the highest common divisor of h and r.
16
Let p(n) = -n + 22. Let w be p(0). What is the greatest common divisor of w and 198?
22
Let v(z) = z**2 + z + 22. Let g = 11 - 11. Let a be v(g). Suppose -2*p = 4*o - 0*o - 96, -84 = -4*o + p. Calculate the greatest common factor of o and a.
22
Suppose -11 = -4*g + 97. Let c = 47 - g. Suppose 21 - 6 = 2*z + 5*d, -4*d - c = 0. What is the highest common factor of z and 180?
20
Let f(w) = 2*w + 5. Let h be f(14). What is the highest common factor of 3 and h?
3
Let k(c) = -c**3 + 12*c**2 - 11*c + 5. Let w be k(11). Suppose 2*t + 3*t + 104 = 4*s, 5*s - 85 = -w*t. What is the highest common divisor of s and 168?
21
Let k be (-160)/24*54/(-4). What is the greatest common factor of k and 10?
10
Let v(r) = -r + 5. Let p be v(4). Let b be ((-2)/(-4))/(p/16). Suppose 221 = 4*l - 67. Calculate the highest common factor of l and b.
8
Suppose 4*n = -4*q - 0*n, 3*n = 3. Let y(w) = -4*w + 1. Let m be y(q). Suppose m*j - j - 168 = 0. Calculate the highest common divisor of 28 and j.
14
Let q = -2 + 5. Calculate the greatest common factor of q and 12.
3
Let x = -481 + 264. Let h be x/(-77) - 2/(-11). Suppose 0 = 3*w - 8*w - h*j + 18, 1 = j. What is the greatest common factor of 3 and w?
3
Let v be -3*(345/9)/5. Let j = -2 - v. Calculate the highest common divisor of 7 and j.
7
Let h(i) = -i**3 - 5*i**2 - 4*i + 1. Let y be h(-4). Suppose z = 5 - y. What is the greatest common divisor of z and 6?
2
Let m be (-26)/(-91) + 397/7. Calculate the greatest common factor of 38 and m.
19
Suppose 5*g - 50 = -0*g. Suppose 0 = -k + 5*f + 15, -1 = -k - 2*f - 0. Suppose -2*b + 75 = -k*p, b = p + 26 + 4. What is the highest common factor of b and g?
5
Suppose -4 = -2*w + w. Calculate the greatest common divisor of 4 and w.
4
Suppose 3*l = -l - 2*b + 402, 5*l - 4*b - 470 = 0. Calculate the highest common factor of l and 14.
14
Let r be (10/(-2))/((-5)/10). What is the greatest common factor of 110 and r?
10
Let n be 9/2 - (-2)/4. Let k = 3 - n. Let u(q) = 11*q**2 - 2*q. Let c be u(k). Calculate the highest common divisor of c and 32.
16
Let q(o) = -o**3 - 22*o**2 - o + 38. Let i be q(-22). Calculate the highest common divisor of i and 100.
20
Suppose -j - j = -4*p - 24, -5*j + 60 = -4*p. Suppose 44 = 2*i + j. What is the highest common divisor of i and 128?
16
Let p = 147 - -37. Calculate the highest common divisor of p and 23.
23
Let d(m) = m**3 + 4*m**2 - 5*m - 4. Let v be d(-5). Let h(c) = -26*c - 5. Let j be h(v). What is the greatest common factor of j and 11?
11
Let v = -8 - -8. Suppose -4*a = -v*a - 20. Calculate the greatest common factor of a and 5.
5
Let q be (2 + -1)/(1/9). Let b be (-5)/(-3) + 3/q. Suppose 0 = -2*t - b*w - w + 30, 0 = 5*t - 4*w - 29. What is the highest common factor of 63 and t?
9
Let m(v) = v**3 + 11*v**2 - 12*v + 37. Let r be m(-12). Calculate the highest common divisor of r and 259.
37
Let h(n) = n**2 + 5*n + 7. Let a = 35 - 15. Suppose -2*g - 2*g = a. Let k be h(g). Calculate the highest common divisor of 56 and k.
7
Let o be (-1)/(-5) - ((-318)/10 + 2). Calculate the highest common divisor of 20 and o.
10
Suppose 2*v - 181 = 85. Calculate the greatest common facto